onvert -9d (base 15) to base 11.
-125
Convert -1b916 (base 12) to base 14.
-10d6a
What is -14494 (base 13) in base 14?
-dc8a
What is -12884 (base 10) in base 16?
-3254
10020212 (base 3) to base 5
33442
387 (base 14) to base 15
322
What is -14833 (base 9) in base 10?
-10155
Convert 44c4 (base 15) to base 5.
431314
What is 20 (base 5) in base 4?
22
Convert -321324 (base 5) to base 15.
-3329
Convert 103548 (base 9) to base 12.
2b845
6175 (base 9) to base 8
10653
-4a265 (base 11) to base 6
-1314111
81c9 (base 13) to base 6
214530
-10a96 (base 13) to base 4
-13122212
Convert 133122 (base 4) to base 7.
5601
Convert 103210303 (base 4) to base 15.
18b54
Convert -3c1b (base 13) to base 4.
-2013003
-110110111011000 (base 2) to base 14
-a368
2797 (base 10) to base 2
101011101101
-12a09 (base 13) to base 12
-1807a
Convert 101110101100 (base 2) to base 11.
2277
Convert -5b3 (base 12) to base 9.
-1150
Convert -585 (base 14) to base 9.
-1448
-c3a9 (base 16) to base 9
-75634
Convert -858 (base 10) to base 11.
-710
Convert -10211 (base 4) to base 8.
-445
Convert -12134 (base 10) to base 2.
-10111101100110
What is 2198 (base 12) in base 10?
3716
-9902 (base 11) to base 15
-3d15
Convert -22642 (base 9) to base 3.
-202201102
-10111111 (base 2) to base 10
-191
What is 3cf (base 16) in base 6?
4303
313533 (base 6) to base 10
25473
-3 (base 6) to base 13
-3
What is 10021 (base 4) in base 3?
100211
What is -2538 (base 13) in base 8?
-12246
Convert 142 (base 6) to base 12.
52
Convert 230241 (base 5) to base 4.
2000010
Convert -11bb1 (base 15) to base 14.
-168db
What is -230032 (base 5) in base 12?
-4866
What is 12153 (base 8) in base 6?
40111
Convert -30123 (base 4) to base 11.
-663
-2133 (base 7) to base 16
-2f7
-438 (base 10) to base 6
-2010
Convert -6589 (base 12) to base 10.
-11193
Convert -131 (base 12) to base 16.
-b5
26996 (base 10) to base 12
13758
3a (base 11) to base 12
37
Convert -492d (base 16) to base 6.
-222421
Convert 7bad (base 15) to base 8.
63227
Convert 1244 (base 11) to base 8.
3125
-c224 (base 15) to base 8
-120030
-11011001110 (base 2) to base 7
-5036
-4322 (base 6) to base 12
-6a2
Convert e08 (base 15) to base 16.
c56
-10102310 (base 4) to base 3
-220010102
Convert -72dd (base 16) to base 3.
-1111100002
4101 (base 6) to base 8
1605
Convert 211130 (base 4) to base 15.
a9b
Convert -233312 (base 4) to base 8.
-5766
What is 79b (base 14) in base 11?
1152
Convert -1101010000000 (base 2) to base 4.
-1222000
-10001000100 (base 2) to base 15
-4cc
Convert 121212122 (base 3) to base 10.
12302
-101211 (base 5) to base 6
-23150
What is -57 (base 9) in base 12?
-44
What is -13312 (base 4) in base 9?
-617
What is -4630 (base 7) in base 3?
-2022111
What is 211 (base 13) in base 15?
187
What is 2101001 (base 3) in base 4?
123001
What is -10022111 (base 3) in base 11?
-18a7
73f4 (base 16) to base 3
1111201102
-264 (base 16) to base 14
-31a
-2327 (base 9) to base 14
-8b4
Convert 24 (base 13) to base 14.
22
What is 13223 (base 5) in base 2?
10000100111
1c5d9 (base 14) to base 12
35b6b
What is -3721 (base 8) in base 12?
-11a9
What is -5230 (base 8) in base 13?
-1308
What is 12564 (base 11) in base 14?
67a2
Convert 123436 (base 7) to base 4.
11211031
672 (base 13) to base 10
1107
Convert -4650 (base 7) to base 10.
-1701
-700 (base 15) to base 4
-120213
100110010000101 (base 2) to base 11
13799
What is 14376 (base 8) in base 5?
201043
-1890 (base 15) to base 12
-30a6
Convert 64d (base 14) to base 16.
4dd
Convert -1102221112 (base 3) to base 6.
-335235
96a (base 12) to base 16
562
3337 (base 14) to base 4
2022211
What is -222030 (base 4) in base 7?
-10605
What is 220012011 (base 3) in base 10?
17635
What is -19712 (base 10) in base 3?
-1000001002
Convert 13e (base 15) to base 14.
164
What is -3311030 (base 4) in base 14?
-5a0c
What is -5e9 (base 15) in base 7?
-3630
What is -20020 (base 3) in base 11?
-143
3a20 (base 13) to base 16
2073
What is 5c0 (base 16) in base 6?
10452
Convert -1df (base 16) to base 2.
-111011111
-130223 (base 5) to base 8
-11707
-236667 (base 8) to base 3
-11010120102
What is -401301 (base 5) in base 4?
-3012131
What is 11022000 (base 3) in base 9?
4260
Convert 1231321 (base 4) to base 6.
52321
What is 62 (base 16) in base 12?
82
What is 1010130 (base 4) in base 13?
1cbc
What is 1b5 (base 12) in base 10?
281
What is 358 (base 16) in base 15?
3c1
What is -13787 (base 11) in base 4?
-10301320
What is 1586 (base 9) in base 6?
5340
-1122101 (base 3) to base 7
-3331
-5fd (base 16) to base 7
-4320
What is -141 (base 9) in base 8?
-166
1000111 (base 2) to base 8
107
-110001101011 (base 2) to base 9
-4322
What is -3160 (base 13) in base 9?
-10337
What is 630 (base 10) in base 14?
330
9645 (base 10) to base 11
7279
Convert -65666 (base 7) to base 14.
-5ddd
Convert 3010001 (base 4) to base 12.
7315
Convert 6619 (base 10) to base 14.
25ab
Convert -1000110000101 (base 2) to base 16.
-1185
Convert 2b06 (base 12) to base 15.
1766
What is 1166 (base 12) in base 5?
30300
Convert b792 (base 12) to base 5.
1121001
What is 5652 (base 7) in base 16?
7fe
Convert -8c5b (base 14) to base 3.
-1020110011
-14341 (base 6) to base 8
-4365
What is -4a (base 11) in base 5?
-204
Convert 11011110101 (base 2) to base 5.
24111
Convert 568a (base 11) to base 10.
7479
What is b6a8 (base 14) in base 8?
75424
Convert -110110100 (base 2) to base 9.
-534
Convert -ab6 (base 16) to base 7.
-10665
What is -271 (base 16) in base 5?
-10000
-435 (base 15) to base 4
-32312
What is -10 (base 7) in base 4?
-13
What is -299 (base 10) in base 12?
-20b
11002002010 (base 3) to base 11
55322
What is a56a (base 13) in base 16?
5977
Convert 114011 (base 6) to base 10.
9943
What is -220 (base 14) in base 7?
-1140
What is -8213 (base 11) in base 7?
-43535
What is 411 (base 5) in base 7?
211
What is 1103 (base 5) in base 2?
10011001
Convert -1225 (base 6) to base 3.
-102022
Convert -687 (base 14) to base 9.
-1688
Convert -4942 (base 10) to base 13.
-2332
-811 (base 9) to base 2
-1010010010
-6827 (base 9) to base 3
-20220221
-3088 (base 14) to base 11
-6303
Convert -19130 (base 13) to base 2.
-1011110110011110
What is -820 (base 15) in base 13?
-aaa
16426 (base 7) to base 5
122200
Convert -722 (base 11) to base 7.
-2353
Convert 2654 (base 8) to base 15.
66c
Convert 43b (base 16) to base 11.
8a5
Convert -3a0 (base 13) to base 16.
-27d
What is 320 (base 7) in base 13?
c5
What is -2120 (base 8) in base 3?
-1111220
-525 (base 10) to base 6
-2233
What is -32515 (base 6) in base 3?
-20012002
-231011 (base 6) to base 16
-4ccf
What is -34 (base 5) in base 4?
-103
What is 1001001011 (base 2) in base 4?
21023
What is -1c03 (base 13) in base 3?
-12210121
Convert 610 (base 9) to base 10.
495
3a9 (base 11) to base 3
122212
What is -13155 (base 6) in base 10?
-2015
21356 (base 7) to base 4
1103111
What is -2102 (base 5) in base 7?
-544
What is -40243 (base 9) in base 16?
-674d
Convert 21a04 (base 11) to base 9.
47583
Convert -149 (base 13) to base 5.
-1410
-12209 (base 10) to base 16
-2fb1
What is b063 (base 12) in base 15?
59c3
Convert 1144031 (base 5) to base 10.
21766
-2604 (base 7) to base 4
-33120
Convert 8472 (base 12) to base 11.
a97a
What is 255 (base 12) in base 6?
1345
Convert b39 (base 12) to base 10.
1629
1068 (base 10) to base 16
42c
-2151 (base 7) to base 10
-771
Convert 126a (base 12) to base 15.
94d
Convert -1404 (base 8) to base 9.
-1047
1152 (base 6) to base 3
101112
Convert -1a (base 13) to base 15.
-18
-1011111000011 (base 2) to base 6
-44055
-12011112 (base 3) to base 12
-221b
What is -1011100101101 (base 2) in base 15?
-1b58
-30321 (base 6) to base 16
-fa9
What is -1555411 (base 6) in base 11?
-64070
Convert -407 (base 13) to base 4.
-22223
What is -13300330 (base 4) in base 10?
-31804
-111110011 (base 2) to base 3
-200111
-431 (base 16) to base 14
-569
1406 (base 12) to base 10
2310
10312 (base 4) to base 9
374
-30d (base 15) to base 3
-221111
Convert -20323 (base 9) to base 2.
-11010001001010
Convert -10133032 (base 4) to base 5.
-1042012
a02 (base 14) to base 5
30322
Convert 123445 (base 6) to base 10.
11189
-1427 (base 12) to base 3
-10012111
Convert 18032 (base 11) to base 10.
25324
Convert 12000202 (base 3) to base 7.
13454
What is -27 (base 12) in base 5?
-111
What is -2337 (base 12)